{"id":36,"date":"2015-04-25T16:33:58","date_gmt":"2015-04-25T16:33:58","guid":{"rendered":"http:\/\/imkerei-watermeyer.de\/?page_id=36"},"modified":"2019-07-14T08:36:06","modified_gmt":"2019-07-14T08:36:06","slug":"ueber-uns","status":"publish","type":"page","link":"http:\/\/imkerei-watermeyer.de\/?page_id=36","title":{"rendered":"\u00dcber uns"},"content":{"rendered":"<p style=\"text-align: justify\">Was macht die Laggenbiene?<\/p>\n<p>Laggenbeck als Teil von Ibbenb\u00fcren ist meine Heimat, ich fliege hier viele spannende Themen an, Spannendes aus meiner Familie Watermeyer, viele bunte Bl\u00fcten kreativen Schaffens, nachhaltigen Handelns, freudiger Ereignisse und ganz besonders die Bl\u00fcten mit besonders viel Nektar f\u00fcr unseren eigenen leckeren Honig. All das sammel ich f\u00fcr euch und bereite es alle 1 &#8211; 2 Wochen in diesem Blog auf. Ich m\u00f6chte euch gern zeigen, wie sch\u00f6n es hier ist, zum Denken anregen und die Freude mit euch teilen, meine liebe Familie zu begleiten. Dar\u00fcber kommen wir sicher mal ins Gespr\u00e4ch, sprecht mich gern an, ich bin schon sehr gespannt darauf! Und nat\u00fcrlich m\u00f6chte ich euch zum Lesen animieren. Auch, wenn ihr von weiter her kommt, gibt es vieles zu entdecken, selbst zu probieren und zu schmunzeln.<\/p>\n<p>&nbsp;<\/p>\n<p>Wer verbirgt sich hinter der Laggenbiene?<\/p>\n<p>Wir sind Ina und Daniel Watermeyer und wohnen im sch\u00f6nen Laggenbeck nun seit Dezember 2017 &#8211; und f\u00fchlen uns pudelwohl. Diese Freude m\u00f6chten wir mit euch teilen. Dazu versuchen wir, ein bisschen von unserem Leben hier mit euch zu teilen. Ein gerade f\u00fcr diesen Blog wichtiger Teil dieses Lebens sind nat\u00fcrlich unsere Bienchen, die uns jedes Jahr leckeren Honig sammeln und den wir auch selbstverst\u00e4ndlich nicht ganz alleine essen k\u00f6nnen. Im Gegenteil, ihr k\u00f6nnt ihn bei uns in direktem Kontakt k\u00e4uflich erwerben. Bis zum Honig ist es nat\u00fcrlich ein bisschen Flei\u00df, nicht nur seitens unserer flei\u00dfigen kleinen Mitarbeiter, sondern auch von uns. Hieran lassen wir euch gern teilhaben. Ihr d\u00fcrft gespannt sein, es gibt viel zu entdecken!<\/p>\n<p><img decoding=\"async\" src=\"http:\/\/imkerei-watermeyer.de\/wp-content\/uploads\/2018\/05\/img_1067-1.jpg\" class=\"size-full\"><\/p>\n<p>Was gibt es au\u00dfer dem Honig zu entdecken?<\/p>\n<p>Unsere zweite Leidenschaft, \u00fcber die ihr hier sicher \u00f6fter etwas lesen werdet, ist das Grillen &#8211; ebenfalls schon seit mehreren Jahren. Gerade die typischen Barbecue-Rezepte haben es uns angetan. Und wenn wir mal wieder einen der Klassiker machen oder kreativ etwas Neues ausprobieren, werden wir es euch zeigen &#8211; keine Angst, ihr k\u00f6nnt das kinderleicht alles selbst nachmachen, wenn es euch gef\u00e4llt!<\/p>\n<p>Hier im Teutoburger Land kann man wunderbar wandern. Auch wir tun das leidenschaftlich. Und unsere Touren teilen wir hier gern, zu jeder Jahreszeit und mit herrlichen Ausblicken.<\/p>\n<p><img decoding=\"async\" src=\"http:\/\/imkerei-watermeyer.de\/wp-content\/uploads\/2019\/07\/img_1473.jpg\" class=\"size-full\"><\/p>\n<p>Wir machen uns au\u00dferdem Gedanken \u00fcber verschiedene Dinge, die uns wichtig sind. Wir versuchen genauso, wie viele von euch auch, m\u00f6glichst nachhaltig zu essen, einzukaufen, zu leben. Dass das nicht immer einfach ist, man manchmal ungew\u00f6hnliche Wege geht und vieles ausprobiert, kennt ihr bestimmt. Und als Familie mit Kindern m\u00f6chten wir nat\u00fcrlich auch ein bisschen Vorbild sein. Wir versuchen, Bio-Produkte am besten aus der Region zu essen und einzukaufen in so vielen Bereichen wie m\u00f6glich. Die Auswahl im Bioladen ist da nat\u00fcrlich inzwischen riesig. Sehr gespannt sind wir hier auf eure eigenen Erfahrungen und euer Feedback, denn als &#8222;Zugezogene&#8220; brennen wir hier auch auf Tipps, was man hier alles so ausprobieren kann.<\/p>\n<p>Wir m\u00f6chten niemanden belehren oder gar bekehren. Wir k\u00f6nnten sicherlich selber noch so einiges besser machen. Habt Ihr Ideen oder Verbesserungsvorschl\u00e4ge, dann lasst es uns ruhig wissen und schreibt das in einem Kommentar oder einer Mail an uns. Genauso w\u00fcrden wir uns nat\u00fcrlich dar\u00fcber freuen, wenn Ihr uns einen wohlwollenden Kommentar hinterlasst oder unsere Seite in Eurem Freundeskreis bekannt machen w\u00fcrdet! Teilen und &#8222;liken&#8220; sind ausdr\u00fccklich erlaubt. \ud83d\ude09<\/p>\n","protected":false},"excerpt":{"rendered":"<p>Was macht die Laggenbiene? Laggenbeck als Teil von Ibbenb\u00fcren ist meine Heimat, ich fliege hier viele spannende Themen an, Spannendes aus meiner Familie Watermeyer, viele bunte Bl\u00fcten kreativen Schaffens, nachhaltigen Handelns, freudiger Ereignisse und ganz besonders die Bl\u00fcten mit besonders viel Nektar f\u00fcr unseren eigenen leckeren Honig. All das sammel [&hellip;]<\/p>\n","protected":false},"author":3,"featured_media":0,"parent":0,"menu_order":0,"comment_status":"open","ping_status":"open","template":"","meta":{"jetpack_post_was_ever_published":false},"jetpack_sharing_enabled":true,"jetpack_shortlink":"https:\/\/wp.me\/P9uDaz-A","jetpack_likes_enabled":true,"jetpack-related-posts":[{"id":1083,"url":"http:\/\/imkerei-watermeyer.de\/?page_id=1083","url_meta":{"origin":36,"position":0},"title":"Unsere Gro\u00dfspitze","author":"Homeraner","date":"Dezember 2, 2020","format":false,"excerpt":"Unser wei\u00dfer Gro\u00dfspitzr\u00fcde Cees van Millus stammt aus der Zucht von Anny van den Boomen aus den Niederlanden. Dort wurde er am 15.08.2020 geboren. Der kleine Cees. Seit langem wollten Ina und Daniel schon einen Hund haben und - durch den Hauskauf und Daniels Arbeitsplatzwechsel im Fr\u00fchjahr 2020 - war\u2026","rel":"","context":"\u00c4hnlicher Beitrag","block_context":{"text":"\u00c4hnlicher Beitrag","link":""},"img":{"alt_text":"","src":"https:\/\/i0.wp.com\/imkerei-watermeyer.de\/wp-content\/uploads\/2022\/05\/img_6202-scaled.jpg?resize=350%2C200","width":350,"height":200,"srcset":"https:\/\/i0.wp.com\/imkerei-watermeyer.de\/wp-content\/uploads\/2022\/05\/img_6202-scaled.jpg?resize=350%2C200 1x, https:\/\/i0.wp.com\/imkerei-watermeyer.de\/wp-content\/uploads\/2022\/05\/img_6202-scaled.jpg?resize=700%2C400 2x, https:\/\/i0.wp.com\/imkerei-watermeyer.de\/wp-content\/uploads\/2022\/05\/img_6202-scaled.jpg?resize=1050%2C600 3x, https:\/\/i0.wp.com\/imkerei-watermeyer.de\/wp-content\/uploads\/2022\/05\/img_6202-scaled.jpg?resize=1400%2C800 4x"},"classes":[]},{"id":264,"url":"http:\/\/imkerei-watermeyer.de\/?page_id=264","url_meta":{"origin":36,"position":1},"title":"Imkerei","author":"Homeraner","date":"M\u00e4rz 15, 2016","format":false,"excerpt":"Wie mein Name Laggenbiene schon verr\u00e4t, geht es in diesem Blog um unser Leben in Laggenbeck und ein Schwerpunkt wird dabei auf der Berichterstattung \u00fcber unsere Imkerei liegen. Auf dieser Seite hier werden wir die Informationen, die wir in den Beitr\u00e4gen \u00fcber die Imkerei posten, sammeln und nach dem Werdegang\u2026","rel":"","context":"\u00c4hnlicher Beitrag","block_context":{"text":"\u00c4hnlicher Beitrag","link":""},"img":{"alt_text":"","src":"https:\/\/i0.wp.com\/imkerei-watermeyer.de\/wp-content\/uploads\/2017\/08\/img_3628.jpg?resize=350%2C200","width":350,"height":200,"srcset":"https:\/\/i0.wp.com\/imkerei-watermeyer.de\/wp-content\/uploads\/2017\/08\/img_3628.jpg?resize=350%2C200 1x, https:\/\/i0.wp.com\/imkerei-watermeyer.de\/wp-content\/uploads\/2017\/08\/img_3628.jpg?resize=700%2C400 2x"},"classes":[]},{"id":16,"url":"http:\/\/imkerei-watermeyer.de\/?page_id=16","url_meta":{"origin":36,"position":2},"title":"Impressum","author":"Homeraner","date":"April 25, 2015","format":false,"excerpt":"Impressum Angaben gem\u00e4\u00df \u00a7 5 TMG:Daniel Watermeyer Nibelungenberg 37 49479 Ibbenb\u00fcren Kontakt: Telefon: +49 54515417596 E-Mail: daniel@imkerei-watermeyer.de \u00a0 Quelle: http:\/\/www.e-recht24.de Haftungsausschluss (Disclaimer)Haftung f\u00fcr Inhalte Als Diensteanbieter sind wir gem\u00e4\u00df \u00a7 7 Abs.1 TMG f\u00fcr eigene Inhalte auf diesen Seiten nach den allgemeinen Gesetzen verantwortlich. Nach \u00a7\u00a7 8 bis 10 TMG\u2026","rel":"","context":"\u00c4hnlicher Beitrag","block_context":{"text":"\u00c4hnlicher Beitrag","link":""},"img":{"alt_text":"","src":"","width":0,"height":0},"classes":[]},{"id":18,"url":"http:\/\/imkerei-watermeyer.de\/?page_id=18","url_meta":{"origin":36,"position":3},"title":"Datenschutzerkl\u00e4rung","author":"Homeraner","date":"April 25, 2015","format":false,"excerpt":"Datenschutzerkl\u00e4rung: Datenschutz Die Nutzung unserer Webseite ist in der Regel ohne Angabe personenbezogener Daten m\u00f6glich. Soweit auf unseren Seiten personenbezogene Daten (beispielsweise Name, Anschrift oder eMail-Adressen) erhoben werden, erfolgt dies, soweit m\u00f6glich, stets auf freiwilliger Basis. Diese Daten werden ohne Ihre ausdr\u00fcckliche Zustimmung nicht an Dritte weitergegeben. Wir weisen darauf\u2026","rel":"","context":"\u00c4hnlicher Beitrag","block_context":{"text":"\u00c4hnlicher Beitrag","link":""},"img":{"alt_text":"","src":"","width":0,"height":0},"classes":[]}],"_links":{"self":[{"href":"http:\/\/imkerei-watermeyer.de\/index.php?rest_route=\/wp\/v2\/pages\/36"}],"collection":[{"href":"http:\/\/imkerei-watermeyer.de\/index.php?rest_route=\/wp\/v2\/pages"}],"about":[{"href":"http:\/\/imkerei-watermeyer.de\/index.php?rest_route=\/wp\/v2\/types\/page"}],"author":[{"embeddable":true,"href":"http:\/\/imkerei-watermeyer.de\/index.php?rest_route=\/wp\/v2\/users\/3"}],"replies":[{"embeddable":true,"href":"http:\/\/imkerei-watermeyer.de\/index.php?rest_route=%2Fwp%2Fv2%2Fcomments&post=36"}],"version-history":[{"count":14,"href":"http:\/\/imkerei-watermeyer.de\/index.php?rest_route=\/wp\/v2\/pages\/36\/revisions"}],"predecessor-version":[{"id":730,"href":"http:\/\/imkerei-watermeyer.de\/index.php?rest_route=\/wp\/v2\/pages\/36\/revisions\/730"}],"wp:attachment":[{"href":"http:\/\/imkerei-watermeyer.de\/index.php?rest_route=%2Fwp%2Fv2%2Fmedia&parent=36"}],"curies":[{"name":"wp","href":"https:\/\/api.w.org\/{rel}","templated":true}]}}

Über uns

<p style="text-align: justify">Was macht die Laggenbiene?</p>
<p>Laggenbeck als Teil von Ibbenbüren ist meine Heimat, ich fliege hier viele spannende Themen an, Spannendes aus meiner Familie Watermeyer, viele bunte Blüten kreativen Schaffens, nachhaltigen Handelns, freudiger Ereignisse und ganz besonders die Blüten mit besonders viel Nektar für unseren eigenen leckeren Honig. All das sammel ich für euch und bereite es alle 1 &#8211; 2 Wochen in diesem Blog auf. Ich möchte euch gern zeigen, wie schön es hier ist, zum Denken anregen und die Freude mit euch teilen, meine liebe Familie zu begleiten. Darüber kommen wir sicher mal ins Gespräch, sprecht mich gern an, ich bin schon sehr gespannt darauf! Und natürlich möchte ich euch zum Lesen animieren. Auch, wenn ihr von weiter her kommt, gibt es vieles zu entdecken, selbst zu probieren und zu schmunzeln.</p>
<p>&nbsp;</p>
<p>Wer verbirgt sich hinter der Laggenbiene?</p>
<p>Wir sind Ina und Daniel Watermeyer und wohnen im schönen Laggenbeck nun seit Dezember 2017 &#8211; und fühlen uns pudelwohl. Diese Freude möchten wir mit euch teilen. Dazu versuchen wir, ein bisschen von unserem Leben hier mit euch zu teilen. Ein gerade für diesen Blog wichtiger Teil dieses Lebens sind natürlich unsere Bienchen, die uns jedes Jahr leckeren Honig sammeln und den wir auch selbstverständlich nicht ganz alleine essen können. Im Gegenteil, ihr könnt ihn bei uns in direktem Kontakt käuflich erwerben. Bis zum Honig ist es natürlich ein bisschen Fleiß, nicht nur seitens unserer fleißigen kleinen Mitarbeiter, sondern auch von uns. Hieran lassen wir euch gern teilhaben. Ihr dürft gespannt sein, es gibt viel zu entdecken!</p>
<p><img decoding="async" src="http://imkerei-watermeyer.de/wp-content/uploads/2018/05/img_1067-1.jpg" class="size-full"></p>
<p>Was gibt es außer dem Honig zu entdecken?</p>
<p>Unsere zweite Leidenschaft, über die ihr hier sicher öfter etwas lesen werdet, ist das Grillen &#8211; ebenfalls schon seit mehreren Jahren. Gerade die typischen Barbecue-Rezepte haben es uns angetan. Und wenn wir mal wieder einen der Klassiker machen oder kreativ etwas Neues ausprobieren, werden wir es euch zeigen &#8211; keine Angst, ihr könnt das kinderleicht alles selbst nachmachen, wenn es euch gefällt!</p>
<p>Hier im Teutoburger Land kann man wunderbar wandern. Auch wir tun das leidenschaftlich. Und unsere Touren teilen wir hier gern, zu jeder Jahreszeit und mit herrlichen Ausblicken.</p>
<p><img decoding="async" src="http://imkerei-watermeyer.de/wp-content/uploads/2019/07/img_1473.jpg" class="size-full"></p>
<p>Wir machen uns außerdem Gedanken über verschiedene Dinge, die uns wichtig sind. Wir versuchen genauso, wie viele von euch auch, möglichst nachhaltig zu essen, einzukaufen, zu leben. Dass das nicht immer einfach ist, man manchmal ungewöhnliche Wege geht und vieles ausprobiert, kennt ihr bestimmt. Und als Familie mit Kindern möchten wir natürlich auch ein bisschen Vorbild sein. Wir versuchen, Bio-Produkte am besten aus der Region zu essen und einzukaufen in so vielen Bereichen wie möglich. Die Auswahl im Bioladen ist da natürlich inzwischen riesig. Sehr gespannt sind wir hier auf eure eigenen Erfahrungen und euer Feedback, denn als &#8222;Zugezogene&#8220; brennen wir hier auch auf Tipps, was man hier alles so ausprobieren kann.</p>
<p>Wir möchten niemanden belehren oder gar bekehren. Wir könnten sicherlich selber noch so einiges besser machen. Habt Ihr Ideen oder Verbesserungsvorschläge, dann lasst es uns ruhig wissen und schreibt das in einem Kommentar oder einer Mail an uns. Genauso würden wir uns natürlich darüber freuen, wenn Ihr uns einen wohlwollenden Kommentar hinterlasst oder unsere Seite in Eurem Freundeskreis bekannt machen würdet! Teilen und &#8222;liken&#8220; sind ausdrücklich erlaubt. 😉</p>

<p>Was macht die Laggenbiene? Laggenbeck als Teil von Ibbenbüren ist meine Heimat, ich fliege hier viele spannende Themen an, Spannendes aus meiner Familie Watermeyer, viele bunte Blüten kreativen Schaffens, nachhaltigen Handelns, freudiger Ereignisse und ganz besonders die Blüten mit besonders viel Nektar für unseren eigenen leckeren Honig. All das sammel [&hellip;]</p>

Unsere Großspitze

Unser weißer Großspitzrüde Cees van Millus stammt aus der Zucht von Anny van den Boomen aus den Niederlanden. Dort wurde er am 15.08.2020 geboren. Der kleine Cees. Seit langem wollten Ina und Daniel schon einen Hund haben und - durch den Hauskauf und Daniels Arbeitsplatzwechsel im Frühjahr 2020 - war…

Ähnlicher Beitrag

März 15, 2016

Wie mein Name Laggenbiene schon verrät, geht es in diesem Blog um unser Leben in Laggenbeck und ein Schwerpunkt wird dabei auf der Berichterstattung über unsere Imkerei liegen. Auf dieser Seite hier werden wir die Informationen, die wir in den Beiträgen über die Imkerei posten, sammeln und nach dem Werdegang…

Impressum Angaben gemäß § 5 TMG:Daniel Watermeyer Nibelungenberg 37 49479 Ibbenbüren Kontakt: Telefon: +49 54515417596 E-Mail: daniel@imkerei-watermeyer.de   Quelle: http://www.e-recht24.de Haftungsausschluss (Disclaimer)Haftung für Inhalte Als Diensteanbieter sind wir gemäß § 7 Abs.1 TMG für eigene Inhalte auf diesen Seiten nach den allgemeinen Gesetzen verantwortlich. Nach §§ 8 bis 10 TMG…

Datenschutzerklärung

Datenschutzerklärung: Datenschutz Die Nutzung unserer Webseite ist in der Regel ohne Angabe personenbezogener Daten möglich. Soweit auf unseren Seiten personenbezogene Daten (beispielsweise Name, Anschrift oder eMail-Adressen) erhoben werden, erfolgt dies, soweit möglich, stets auf freiwilliger Basis. Diese Daten werden ohne Ihre ausdrückliche Zustimmung nicht an Dritte weitergegeben. Wir weisen darauf…
