{"id":16,"date":"2015-04-25T15:18:45","date_gmt":"2015-04-25T15:18:45","guid":{"rendered":"http:\/\/imkerei-watermeyer.de\/?page_id=16"},"modified":"2020-03-01T16:05:08","modified_gmt":"2020-03-01T16:05:08","slug":"impressum","status":"publish","type":"page","link":"http:\/\/imkerei-watermeyer.de\/?page_id=16","title":{"rendered":"Impressum"},"content":{"rendered":"<h1>Impressum<\/h1>\n<h2>Angaben gem\u00e4\u00df \u00a7 5 TMG:<\/h2>\n<p>Daniel Watermeyer<br \/>\nNibelungenberg 37<br \/>\n49479 Ibbenb\u00fcren<\/p>\n<h2>Kontakt:<\/h2>\n<table>\n<tbody>\n<tr>\n<td>Telefon:<\/td>\n<td>+49 54515417596<\/td>\n<\/tr>\n<tr>\n<td>E-Mail:<\/td>\n<td>daniel@imkerei-watermeyer.de<\/td>\n<\/tr>\n<\/tbody>\n<\/table>\n<p>&nbsp;<\/p>\n<p>Quelle: <em><a href=\"http:\/\/www.e-recht24.de\/\" rel=\"nofollow\">http:\/\/www.e-recht24.de<\/a><\/em><\/p>\n<hr>\n<h1>Haftungsausschluss (Disclaimer)<\/h1>\n<p><strong>Haftung f\u00fcr Inhalte<\/strong><\/p>\n<p>Als Diensteanbieter sind wir gem\u00e4\u00df \u00a7 7 Abs.1 TMG f\u00fcr eigene Inhalte auf diesen Seiten nach den allgemeinen Gesetzen verantwortlich. Nach \u00a7\u00a7 8 bis 10 TMG sind wir als Diensteanbieter jedoch nicht verpflichtet, \u00fcbermittelte oder gespeicherte fremde Informationen zu \u00fcberwachen oder nach Umst\u00e4nden zu forschen, die auf eine rechtswidrige T\u00e4tigkeit hinweisen. Verpflichtungen zur Entfernung oder Sperrung der Nutzung von Informationen nach den allgemeinen Gesetzen bleiben hiervon unber\u00fchrt. Eine diesbez\u00fcgliche Haftung ist jedoch erst ab dem Zeitpunkt der Kenntnis einer konkreten Rechtsverletzung m\u00f6glich. Bei Bekanntwerden von entsprechenden Rechtsverletzungen werden wir diese Inhalte umgehend entfernen.<\/p>\n<p><strong>Haftung f\u00fcr Links<\/strong><\/p>\n<p>Unser Angebot enth\u00e4lt Links zu externen Webseiten Dritter, auf deren Inhalte wir keinen Einfluss haben. Deshalb k\u00f6nnen wir f\u00fcr diese fremden Inhalte auch keine Gew\u00e4hr \u00fcbernehmen. F\u00fcr die Inhalte der verlinkten Seiten ist stets der jeweilige Anbieter oder Betreiber der Seiten verantwortlich. Die verlinkten Seiten wurden zum Zeitpunkt der Verlinkung auf m\u00f6gliche Rechtsverst\u00f6\u00dfe \u00fcberpr\u00fcft. Rechtswidrige Inhalte waren zum Zeitpunkt der Verlinkung nicht erkennbar. Eine permanente inhaltliche Kontrolle der verlinkten Seiten ist jedoch ohne konkrete Anhaltspunkte einer Rechtsverletzung nicht zumutbar. Bei Bekanntwerden von Rechtsverletzungen werden wir derartige Links umgehend entfernen.<\/p>\n<p><strong>Urheberrecht<\/strong><\/p>\n<p>Die durch die Seitenbetreiber erstellten Inhalte und Werke auf diesen Seiten unterliegen dem deutschen Urheberrecht. Die Vervielf\u00e4ltigung, Bearbeitung, Verbreitung und jede Art der Verwertung au\u00dferhalb der Grenzen des Urheberrechtes bed\u00fcrfen der schriftlichen Zustimmung des jeweiligen Autors bzw. Erstellers. Downloads und Kopien dieser Seite sind nur f\u00fcr den privaten, nicht kommerziellen Gebrauch gestattet. Soweit die Inhalte auf dieser Seite nicht vom Betreiber erstellt wurden, werden die Urheberrechte Dritter beachtet. Insbesondere werden Inhalte Dritter als solche gekennzeichnet. Sollten Sie trotzdem auf eine Urheberrechtsverletzung aufmerksam werden, bitten wir um einen entsprechenden Hinweis. Bei Bekanntwerden von Rechtsverletzungen werden wir derartige Inhalte umgehend entfernen.<\/p>\n<p>&nbsp;<\/p>\n<hr>\n<div class=\"ig_attention\"><\/div>\n<p>&nbsp;<\/p>\n","protected":false},"excerpt":{"rendered":"<p>Impressum Angaben gem\u00e4\u00df \u00a7 5 TMG: Daniel Watermeyer Nibelungenberg 37 49479 Ibbenb\u00fcren Kontakt: Telefon: +49 54515417596 E-Mail: daniel@imkerei-watermeyer.de &nbsp; Quelle: http:\/\/www.e-recht24.de Haftungsausschluss (Disclaimer) Haftung f\u00fcr Inhalte Als Diensteanbieter sind wir gem\u00e4\u00df \u00a7 7 Abs.1 TMG f\u00fcr eigene Inhalte auf diesen Seiten nach den allgemeinen Gesetzen verantwortlich. Nach \u00a7\u00a7 8 bis [&hellip;]<\/p>\n","protected":false},"author":1,"featured_media":0,"parent":0,"menu_order":0,"comment_status":"open","ping_status":"open","template":"","meta":{"jetpack_post_was_ever_published":false},"jetpack_sharing_enabled":true,"jetpack_shortlink":"https:\/\/wp.me\/P9uDaz-g","jetpack_likes_enabled":true,"jetpack-related-posts":[{"id":18,"url":"http:\/\/imkerei-watermeyer.de\/?page_id=18","url_meta":{"origin":16,"position":0},"title":"Datenschutzerkl\u00e4rung","author":"Homeraner","date":"April 25, 2015","format":false,"excerpt":"Datenschutzerkl\u00e4rung: Datenschutz Die Nutzung unserer Webseite ist in der Regel ohne Angabe personenbezogener Daten m\u00f6glich. Soweit auf unseren Seiten personenbezogene Daten (beispielsweise Name, Anschrift oder eMail-Adressen) erhoben werden, erfolgt dies, soweit m\u00f6glich, stets auf freiwilliger Basis. Diese Daten werden ohne Ihre ausdr\u00fcckliche Zustimmung nicht an Dritte weitergegeben. Wir weisen darauf\u2026","rel":"","context":"\u00c4hnlicher Beitrag","block_context":{"text":"\u00c4hnlicher Beitrag","link":""},"img":{"alt_text":"","src":"","width":0,"height":0},"classes":[]},{"id":1083,"url":"http:\/\/imkerei-watermeyer.de\/?page_id=1083","url_meta":{"origin":16,"position":1},"title":"Unsere Gro\u00dfspitze","author":"Homeraner","date":"Dezember 2, 2020","format":false,"excerpt":"Unser wei\u00dfer Gro\u00dfspitzr\u00fcde Cees van Millus stammt aus der Zucht von Anny van den Boomen aus den Niederlanden. Dort wurde er am 15.08.2020 geboren. Der kleine Cees. Seit langem wollten Ina und Daniel schon einen Hund haben und - durch den Hauskauf und Daniels Arbeitsplatzwechsel im Fr\u00fchjahr 2020 - war\u2026","rel":"","context":"\u00c4hnlicher Beitrag","block_context":{"text":"\u00c4hnlicher Beitrag","link":""},"img":{"alt_text":"","src":"https:\/\/i0.wp.com\/imkerei-watermeyer.de\/wp-content\/uploads\/2022\/05\/img_6202-scaled.jpg?resize=350%2C200","width":350,"height":200,"srcset":"https:\/\/i0.wp.com\/imkerei-watermeyer.de\/wp-content\/uploads\/2022\/05\/img_6202-scaled.jpg?resize=350%2C200 1x, https:\/\/i0.wp.com\/imkerei-watermeyer.de\/wp-content\/uploads\/2022\/05\/img_6202-scaled.jpg?resize=700%2C400 2x, https:\/\/i0.wp.com\/imkerei-watermeyer.de\/wp-content\/uploads\/2022\/05\/img_6202-scaled.jpg?resize=1050%2C600 3x, https:\/\/i0.wp.com\/imkerei-watermeyer.de\/wp-content\/uploads\/2022\/05\/img_6202-scaled.jpg?resize=1400%2C800 4x"},"classes":[]},{"id":36,"url":"http:\/\/imkerei-watermeyer.de\/?page_id=36","url_meta":{"origin":16,"position":2},"title":"\u00dcber uns","author":"laggenbiene","date":"April 25, 2015","format":false,"excerpt":"Was macht die Laggenbiene? Laggenbeck als Teil von Ibbenb\u00fcren ist meine Heimat, ich fliege hier viele spannende Themen an, Spannendes aus meiner Familie Watermeyer, viele bunte Bl\u00fcten kreativen Schaffens, nachhaltigen Handelns, freudiger Ereignisse und ganz besonders die Bl\u00fcten mit besonders viel Nektar f\u00fcr unseren eigenen leckeren Honig. All das sammel\u2026","rel":"","context":"\u00c4hnlicher Beitrag","block_context":{"text":"\u00c4hnlicher Beitrag","link":""},"img":{"alt_text":"","src":"","width":0,"height":0},"classes":[]},{"id":264,"url":"http:\/\/imkerei-watermeyer.de\/?page_id=264","url_meta":{"origin":16,"position":3},"title":"Imkerei","author":"Homeraner","date":"M\u00e4rz 15, 2016","format":false,"excerpt":"Wie mein Name Laggenbiene schon verr\u00e4t, geht es in diesem Blog um unser Leben in Laggenbeck und ein Schwerpunkt wird dabei auf der Berichterstattung \u00fcber unsere Imkerei liegen. Auf dieser Seite hier werden wir die Informationen, die wir in den Beitr\u00e4gen \u00fcber die Imkerei posten, sammeln und nach dem Werdegang\u2026","rel":"","context":"\u00c4hnlicher Beitrag","block_context":{"text":"\u00c4hnlicher Beitrag","link":""},"img":{"alt_text":"","src":"https:\/\/i0.wp.com\/imkerei-watermeyer.de\/wp-content\/uploads\/2017\/08\/img_3628.jpg?resize=350%2C200","width":350,"height":200,"srcset":"https:\/\/i0.wp.com\/imkerei-watermeyer.de\/wp-content\/uploads\/2017\/08\/img_3628.jpg?resize=350%2C200 1x, https:\/\/i0.wp.com\/imkerei-watermeyer.de\/wp-content\/uploads\/2017\/08\/img_3628.jpg?resize=700%2C400 2x"},"classes":[]}],"_links":{"self":[{"href":"http:\/\/imkerei-watermeyer.de\/index.php?rest_route=\/wp\/v2\/pages\/16"}],"collection":[{"href":"http:\/\/imkerei-watermeyer.de\/index.php?rest_route=\/wp\/v2\/pages"}],"about":[{"href":"http:\/\/imkerei-watermeyer.de\/index.php?rest_route=\/wp\/v2\/types\/page"}],"author":[{"embeddable":true,"href":"http:\/\/imkerei-watermeyer.de\/index.php?rest_route=\/wp\/v2\/users\/1"}],"replies":[{"embeddable":true,"href":"http:\/\/imkerei-watermeyer.de\/index.php?rest_route=%2Fwp%2Fv2%2Fcomments&post=16"}],"version-history":[{"count":4,"href":"http:\/\/imkerei-watermeyer.de\/index.php?rest_route=\/wp\/v2\/pages\/16\/revisions"}],"predecessor-version":[{"id":846,"href":"http:\/\/imkerei-watermeyer.de\/index.php?rest_route=\/wp\/v2\/pages\/16\/revisions\/846"}],"wp:attachment":[{"href":"http:\/\/imkerei-watermeyer.de\/index.php?rest_route=%2Fwp%2Fv2%2Fmedia&parent=16"}],"curies":[{"name":"wp","href":"https:\/\/api.w.org\/{rel}","templated":true}]}}

<h1>Impressum</h1>
<h2>Angaben gemäß § 5 TMG:</h2>
<p>Daniel Watermeyer<br />
Nibelungenberg 37<br />
49479 Ibbenbüren</p>
<h2>Kontakt:</h2>
<table>
<tbody>
<tr>
<td>Telefon:</td>
<td>+49 54515417596</td>
</tr>
<tr>
<td>E-Mail:</td>
<td>daniel@imkerei-watermeyer.de</td>
</tr>
</tbody>
</table>
<p>&nbsp;</p>
<p>Quelle: <em><a href="http://www.e-recht24.de/" rel="nofollow">http://www.e-recht24.de</a></em></p>
<hr>
<h1>Haftungsausschluss (Disclaimer)</h1>
<p><strong>Haftung für Inhalte</strong></p>
<p>Als Diensteanbieter sind wir gemäß § 7 Abs.1 TMG für eigene Inhalte auf diesen Seiten nach den allgemeinen Gesetzen verantwortlich. Nach §§ 8 bis 10 TMG sind wir als Diensteanbieter jedoch nicht verpflichtet, übermittelte oder gespeicherte fremde Informationen zu überwachen oder nach Umständen zu forschen, die auf eine rechtswidrige Tätigkeit hinweisen. Verpflichtungen zur Entfernung oder Sperrung der Nutzung von Informationen nach den allgemeinen Gesetzen bleiben hiervon unberührt. Eine diesbezügliche Haftung ist jedoch erst ab dem Zeitpunkt der Kenntnis einer konkreten Rechtsverletzung möglich. Bei Bekanntwerden von entsprechenden Rechtsverletzungen werden wir diese Inhalte umgehend entfernen.</p>
<p><strong>Haftung für Links</strong></p>
<p>Unser Angebot enthält Links zu externen Webseiten Dritter, auf deren Inhalte wir keinen Einfluss haben. Deshalb können wir für diese fremden Inhalte auch keine Gewähr übernehmen. Für die Inhalte der verlinkten Seiten ist stets der jeweilige Anbieter oder Betreiber der Seiten verantwortlich. Die verlinkten Seiten wurden zum Zeitpunkt der Verlinkung auf mögliche Rechtsverstöße überprüft. Rechtswidrige Inhalte waren zum Zeitpunkt der Verlinkung nicht erkennbar. Eine permanente inhaltliche Kontrolle der verlinkten Seiten ist jedoch ohne konkrete Anhaltspunkte einer Rechtsverletzung nicht zumutbar. Bei Bekanntwerden von Rechtsverletzungen werden wir derartige Links umgehend entfernen.</p>
<p><strong>Urheberrecht</strong></p>
<p>Die durch die Seitenbetreiber erstellten Inhalte und Werke auf diesen Seiten unterliegen dem deutschen Urheberrecht. Die Vervielfältigung, Bearbeitung, Verbreitung und jede Art der Verwertung außerhalb der Grenzen des Urheberrechtes bedürfen der schriftlichen Zustimmung des jeweiligen Autors bzw. Erstellers. Downloads und Kopien dieser Seite sind nur für den privaten, nicht kommerziellen Gebrauch gestattet. Soweit die Inhalte auf dieser Seite nicht vom Betreiber erstellt wurden, werden die Urheberrechte Dritter beachtet. Insbesondere werden Inhalte Dritter als solche gekennzeichnet. Sollten Sie trotzdem auf eine Urheberrechtsverletzung aufmerksam werden, bitten wir um einen entsprechenden Hinweis. Bei Bekanntwerden von Rechtsverletzungen werden wir derartige Inhalte umgehend entfernen.</p>
<p>&nbsp;</p>
<hr>
<div class="ig_attention"></div>
<p>&nbsp;</p>

<p>Impressum Angaben gemäß § 5 TMG: Daniel Watermeyer Nibelungenberg 37 49479 Ibbenbüren Kontakt: Telefon: +49 54515417596 E-Mail: daniel@imkerei-watermeyer.de &nbsp; Quelle: http://www.e-recht24.de Haftungsausschluss (Disclaimer) Haftung für Inhalte Als Diensteanbieter sind wir gemäß § 7 Abs.1 TMG für eigene Inhalte auf diesen Seiten nach den allgemeinen Gesetzen verantwortlich. Nach §§ 8 bis [&hellip;]</p>

Datenschutzerklärung

Datenschutzerklärung: Datenschutz Die Nutzung unserer Webseite ist in der Regel ohne Angabe personenbezogener Daten möglich. Soweit auf unseren Seiten personenbezogene Daten (beispielsweise Name, Anschrift oder eMail-Adressen) erhoben werden, erfolgt dies, soweit möglich, stets auf freiwilliger Basis. Diese Daten werden ohne Ihre ausdrückliche Zustimmung nicht an Dritte weitergegeben. Wir weisen darauf…

Ähnlicher Beitrag

Unsere Großspitze

Unser weißer Großspitzrüde Cees van Millus stammt aus der Zucht von Anny van den Boomen aus den Niederlanden. Dort wurde er am 15.08.2020 geboren. Der kleine Cees. Seit langem wollten Ina und Daniel schon einen Hund haben und - durch den Hauskauf und Daniels Arbeitsplatzwechsel im Frühjahr 2020 - war…

Über uns

Was macht die Laggenbiene? Laggenbeck als Teil von Ibbenbüren ist meine Heimat, ich fliege hier viele spannende Themen an, Spannendes aus meiner Familie Watermeyer, viele bunte Blüten kreativen Schaffens, nachhaltigen Handelns, freudiger Ereignisse und ganz besonders die Blüten mit besonders viel Nektar für unseren eigenen leckeren Honig. All das sammel…

März 15, 2016

Wie mein Name Laggenbiene schon verrät, geht es in diesem Blog um unser Leben in Laggenbeck und ein Schwerpunkt wird dabei auf der Berichterstattung über unsere Imkerei liegen. Auf dieser Seite hier werden wir die Informationen, die wir in den Beiträgen über die Imkerei posten, sammeln und nach dem Werdegang…
