{"id":1049,"date":"2020-06-28T09:54:24","date_gmt":"2020-06-28T09:54:24","guid":{"rendered":"http:\/\/imkerei-watermeyer.de\/?page_id=1049"},"modified":"2020-06-28T10:04:59","modified_gmt":"2020-06-28T10:04:59","slug":"instagram","status":"publish","type":"page","link":"http:\/\/imkerei-watermeyer.de\/?page_id=1049","title":{"rendered":"Instagram"},"content":{"rendered":"\n<p>Hier findet ihr den Instagram-Auftritt der Laggenbiene:<\/p>\n\n\n","protected":false},"excerpt":{"rendered":"<p>Hier findet ihr den Instagram-Auftritt der Laggenbiene:<\/p>\n","protected":false},"author":3,"featured_media":1054,"parent":0,"menu_order":0,"comment_status":"closed","ping_status":"closed","template":"","meta":{"jetpack_post_was_ever_published":false},"jetpack_sharing_enabled":true,"jetpack_shortlink":"https:\/\/wp.me\/P9uDaz-gV","jetpack_likes_enabled":true,"jetpack-related-posts":[{"id":36,"url":"http:\/\/imkerei-watermeyer.de\/?page_id=36","url_meta":{"origin":1049,"position":0},"title":"\u00dcber uns","author":"laggenbiene","date":"April 25, 2015","format":false,"excerpt":"Was macht die Laggenbiene? Laggenbeck als Teil von Ibbenb\u00fcren ist meine Heimat, ich fliege hier viele spannende Themen an, Spannendes aus meiner Familie Watermeyer, viele bunte Bl\u00fcten kreativen Schaffens, nachhaltigen Handelns, freudiger Ereignisse und ganz besonders die Bl\u00fcten mit besonders viel Nektar f\u00fcr unseren eigenen leckeren Honig. All das sammel\u2026","rel":"","context":"\u00c4hnlicher Beitrag","block_context":{"text":"\u00c4hnlicher Beitrag","link":""},"img":{"alt_text":"","src":"","width":0,"height":0},"classes":[]},{"id":1083,"url":"http:\/\/imkerei-watermeyer.de\/?page_id=1083","url_meta":{"origin":1049,"position":1},"title":"Unsere Gro\u00dfspitze","author":"Homeraner","date":"Dezember 2, 2020","format":false,"excerpt":"Unser wei\u00dfer Gro\u00dfspitzr\u00fcde Cees van Millus stammt aus der Zucht von Anny van den Boomen aus den Niederlanden. Dort wurde er am 15.08.2020 geboren. Der kleine Cees. Seit langem wollten Ina und Daniel schon einen Hund haben und - durch den Hauskauf und Daniels Arbeitsplatzwechsel im Fr\u00fchjahr 2020 - war\u2026","rel":"","context":"\u00c4hnlicher Beitrag","block_context":{"text":"\u00c4hnlicher Beitrag","link":""},"img":{"alt_text":"","src":"https:\/\/i0.wp.com\/imkerei-watermeyer.de\/wp-content\/uploads\/2022\/05\/img_6202-scaled.jpg?resize=350%2C200","width":350,"height":200,"srcset":"https:\/\/i0.wp.com\/imkerei-watermeyer.de\/wp-content\/uploads\/2022\/05\/img_6202-scaled.jpg?resize=350%2C200 1x, https:\/\/i0.wp.com\/imkerei-watermeyer.de\/wp-content\/uploads\/2022\/05\/img_6202-scaled.jpg?resize=700%2C400 2x, https:\/\/i0.wp.com\/imkerei-watermeyer.de\/wp-content\/uploads\/2022\/05\/img_6202-scaled.jpg?resize=1050%2C600 3x, https:\/\/i0.wp.com\/imkerei-watermeyer.de\/wp-content\/uploads\/2022\/05\/img_6202-scaled.jpg?resize=1400%2C800 4x"},"classes":[]},{"id":264,"url":"http:\/\/imkerei-watermeyer.de\/?page_id=264","url_meta":{"origin":1049,"position":2},"title":"Imkerei","author":"Homeraner","date":"M\u00e4rz 15, 2016","format":false,"excerpt":"Wie mein Name Laggenbiene schon verr\u00e4t, geht es in diesem Blog um unser Leben in Laggenbeck und ein Schwerpunkt wird dabei auf der Berichterstattung \u00fcber unsere Imkerei liegen. Auf dieser Seite hier werden wir die Informationen, die wir in den Beitr\u00e4gen \u00fcber die Imkerei posten, sammeln und nach dem Werdegang\u2026","rel":"","context":"\u00c4hnlicher Beitrag","block_context":{"text":"\u00c4hnlicher Beitrag","link":""},"img":{"alt_text":"","src":"https:\/\/i0.wp.com\/imkerei-watermeyer.de\/wp-content\/uploads\/2017\/08\/img_3628.jpg?resize=350%2C200","width":350,"height":200,"srcset":"https:\/\/i0.wp.com\/imkerei-watermeyer.de\/wp-content\/uploads\/2017\/08\/img_3628.jpg?resize=350%2C200 1x, https:\/\/i0.wp.com\/imkerei-watermeyer.de\/wp-content\/uploads\/2017\/08\/img_3628.jpg?resize=700%2C400 2x"},"classes":[]},{"id":18,"url":"http:\/\/imkerei-watermeyer.de\/?page_id=18","url_meta":{"origin":1049,"position":3},"title":"Datenschutzerkl\u00e4rung","author":"Homeraner","date":"April 25, 2015","format":false,"excerpt":"Datenschutzerkl\u00e4rung: Datenschutz Die Nutzung unserer Webseite ist in der Regel ohne Angabe personenbezogener Daten m\u00f6glich. Soweit auf unseren Seiten personenbezogene Daten (beispielsweise Name, Anschrift oder eMail-Adressen) erhoben werden, erfolgt dies, soweit m\u00f6glich, stets auf freiwilliger Basis. Diese Daten werden ohne Ihre ausdr\u00fcckliche Zustimmung nicht an Dritte weitergegeben. Wir weisen darauf\u2026","rel":"","context":"\u00c4hnlicher Beitrag","block_context":{"text":"\u00c4hnlicher Beitrag","link":""},"img":{"alt_text":"","src":"","width":0,"height":0},"classes":[]},{"id":16,"url":"http:\/\/imkerei-watermeyer.de\/?page_id=16","url_meta":{"origin":1049,"position":4},"title":"Impressum","author":"Homeraner","date":"April 25, 2015","format":false,"excerpt":"Impressum Angaben gem\u00e4\u00df \u00a7 5 TMG:Daniel Watermeyer Nibelungenberg 37 49479 Ibbenb\u00fcren Kontakt: Telefon: +49 54515417596 E-Mail: daniel@imkerei-watermeyer.de \u00a0 Quelle: http:\/\/www.e-recht24.de Haftungsausschluss (Disclaimer)Haftung f\u00fcr Inhalte Als Diensteanbieter sind wir gem\u00e4\u00df \u00a7 7 Abs.1 TMG f\u00fcr eigene Inhalte auf diesen Seiten nach den allgemeinen Gesetzen verantwortlich. Nach \u00a7\u00a7 8 bis 10 TMG\u2026","rel":"","context":"\u00c4hnlicher Beitrag","block_context":{"text":"\u00c4hnlicher Beitrag","link":""},"img":{"alt_text":"","src":"","width":0,"height":0},"classes":[]}],"_links":{"self":[{"href":"http:\/\/imkerei-watermeyer.de\/index.php?rest_route=\/wp\/v2\/pages\/1049"}],"collection":[{"href":"http:\/\/imkerei-watermeyer.de\/index.php?rest_route=\/wp\/v2\/pages"}],"about":[{"href":"http:\/\/imkerei-watermeyer.de\/index.php?rest_route=\/wp\/v2\/types\/page"}],"author":[{"embeddable":true,"href":"http:\/\/imkerei-watermeyer.de\/index.php?rest_route=\/wp\/v2\/users\/3"}],"replies":[{"embeddable":true,"href":"http:\/\/imkerei-watermeyer.de\/index.php?rest_route=%2Fwp%2Fv2%2Fcomments&post=1049"}],"version-history":[{"count":2,"href":"http:\/\/imkerei-watermeyer.de\/index.php?rest_route=\/wp\/v2\/pages\/1049\/revisions"}],"predecessor-version":[{"id":1053,"href":"http:\/\/imkerei-watermeyer.de\/index.php?rest_route=\/wp\/v2\/pages\/1049\/revisions\/1053"}],"wp:featuredmedia":[{"embeddable":true,"href":"http:\/\/imkerei-watermeyer.de\/index.php?rest_route=\/wp\/v2\/media\/1054"}],"wp:attachment":[{"href":"http:\/\/imkerei-watermeyer.de\/index.php?rest_route=%2Fwp%2Fv2%2Fmedia&parent=1049"}],"curies":[{"name":"wp","href":"https:\/\/api.w.org\/{rel}","templated":true}]}}

Über uns

Was macht die Laggenbiene? Laggenbeck als Teil von Ibbenbüren ist meine Heimat, ich fliege hier viele spannende Themen an, Spannendes aus meiner Familie Watermeyer, viele bunte Blüten kreativen Schaffens, nachhaltigen Handelns, freudiger Ereignisse und ganz besonders die Blüten mit besonders viel Nektar für unseren eigenen leckeren Honig. All das sammel…

Ähnlicher Beitrag

Unsere Großspitze

Unser weißer Großspitzrüde Cees van Millus stammt aus der Zucht von Anny van den Boomen aus den Niederlanden. Dort wurde er am 15.08.2020 geboren. Der kleine Cees. Seit langem wollten Ina und Daniel schon einen Hund haben und - durch den Hauskauf und Daniels Arbeitsplatzwechsel im Frühjahr 2020 - war…

März 15, 2016

Wie mein Name Laggenbiene schon verrät, geht es in diesem Blog um unser Leben in Laggenbeck und ein Schwerpunkt wird dabei auf der Berichterstattung über unsere Imkerei liegen. Auf dieser Seite hier werden wir die Informationen, die wir in den Beiträgen über die Imkerei posten, sammeln und nach dem Werdegang…

Datenschutzerklärung

Datenschutzerklärung: Datenschutz Die Nutzung unserer Webseite ist in der Regel ohne Angabe personenbezogener Daten möglich. Soweit auf unseren Seiten personenbezogene Daten (beispielsweise Name, Anschrift oder eMail-Adressen) erhoben werden, erfolgt dies, soweit möglich, stets auf freiwilliger Basis. Diese Daten werden ohne Ihre ausdrückliche Zustimmung nicht an Dritte weitergegeben. Wir weisen darauf…

Impressum Angaben gemäß § 5 TMG:Daniel Watermeyer Nibelungenberg 37 49479 Ibbenbüren Kontakt: Telefon: +49 54515417596 E-Mail: daniel@imkerei-watermeyer.de   Quelle: http://www.e-recht24.de Haftungsausschluss (Disclaimer)Haftung für Inhalte Als Diensteanbieter sind wir gemäß § 7 Abs.1 TMG für eigene Inhalte auf diesen Seiten nach den allgemeinen Gesetzen verantwortlich. Nach §§ 8 bis 10 TMG…
